{"id":35,"date":"2016-04-17T22:23:33","date_gmt":"2016-04-17T20:23:33","guid":{"rendered":"http:\/\/rechtsanwaeltin-ernst.de\/home\/?page_id=35"},"modified":"2025-12-19T12:11:07","modified_gmt":"2025-12-19T11:11:07","slug":"ansprechpartner","status":"publish","type":"page","link":"https:\/\/rechtsanwaeltin-ernst.de\/home\/ansprechpartner\/","title":{"rendered":"Kontakt"},"content":{"rendered":"<p style=\"text-align: justify;\">Fachanw\u00e4lte sind im besonderen Ma\u00dfe bereits von Gesetzes wegen zur Teilnahme an regelm\u00e4\u00dfigen Fortbildungsveranstaltungen verpflichtet, was aber meines Erachtens nach auch aus sonstigen Gr\u00fcnen wichtig ist. Insbesondere die st\u00e4ndigen Neuerungen der Gesetze und Verordnungen erfordern ein erh\u00f6htes Ma\u00df an Aufmerksamkeit; zum anderen bietet der regelm\u00e4\u00dfige Austausch mit Kollegen eine sehr gute Plattform f\u00fcr L\u00f6sungsans\u00e4tze um Wohle der Mandanten.\u00a0<\/p>\n<h3>Kontaktformular<\/h3>\n<div class=\"frm_forms  with_frm_style frm_style_formidable-style\" id=\"frm_form_3_container\" data-token=\"743196b62b58470dd2d184635c05993d\">\n<form enctype=\"multipart\/form-data\" method=\"post\" class=\"frm-show-form \" id=\"form_contact-form9aac4aa4a60e1ed57b82\" data-token=\"743196b62b58470dd2d184635c05993d\">\n<div class=\"frm_form_fields \">\n<fieldset>\n<legend class=\"frm_screen_reader\">Contact Us<\/legend>\r\n\r\n<div class=\"frm_fields_container\">\n<input type=\"hidden\" name=\"frm_action\" value=\"create\" \/>\n<input type=\"hidden\" name=\"form_id\" value=\"3\" \/>\n<input type=\"hidden\" name=\"frm_hide_fields_3\" id=\"frm_hide_fields_3\" value=\"\" \/>\n<input type=\"hidden\" name=\"form_key\" value=\"contact-form9aac4aa4a60e1ed57b82\" \/>\n<input type=\"hidden\" name=\"item_meta[0]\" value=\"\" \/>\n<input type=\"hidden\" id=\"frm_submit_entry_3\" name=\"frm_submit_entry_3\" value=\"173f419598\" \/><input type=\"hidden\" name=\"_wp_http_referer\" value=\"\/home\/wp-json\/wp\/v2\/pages\/35\" \/><div id=\"frm_field_11_container\" class=\"frm_form_field form-field  frm_required_field frm_top_container frm_first frm_half\">\r\n    <label for=\"field_qh4icy483148469e8772724c7b\" id=\"field_qh4icy483148469e8772724c7b_label\" class=\"frm_primary_label\">Name\r\n        <span class=\"frm_required\" aria-hidden=\"true\">*<\/span>\r\n    <\/label>\r\n    <input type=\"text\" id=\"field_qh4icy483148469e8772724c7b\" name=\"item_meta[11]\" value=\"\"  data-reqmsg=\"Dieses Feld darf nicht leer sein.\" aria-required=\"true\" data-invmsg=\"Name ist ung\u00fcltig\" aria-invalid=\"false\"   aria-describedby=\"frm_desc_field_qh4icy483148469e8772724c7b\"\/>\r\n    <div class=\"frm_description\" id=\"frm_desc_field_qh4icy483148469e8772724c7b\">Vorname<\/div>\r\n    \r\n<\/div>\n<div id=\"frm_field_12_container\" class=\"frm_form_field form-field  frm_required_field frm_hidden_container frm_half\">\r\n    <label for=\"field_ocfup18ddf8cd3efe3ad9429e7\" id=\"field_ocfup18ddf8cd3efe3ad9429e7_label\" class=\"frm_primary_label\">Nachname\r\n        <span class=\"frm_required\" aria-hidden=\"true\">*<\/span>\r\n    <\/label>\r\n    <input type=\"text\" id=\"field_ocfup18ddf8cd3efe3ad9429e7\" name=\"item_meta[12]\" value=\"\"  data-reqmsg=\"Dieses Feld darf nicht leer sein.\" aria-required=\"true\" data-invmsg=\"Last ist ung\u00fcltig\" aria-invalid=\"false\"   aria-describedby=\"frm_desc_field_ocfup18ddf8cd3efe3ad9429e7\"\/>\r\n    <div class=\"frm_description\" id=\"frm_desc_field_ocfup18ddf8cd3efe3ad9429e7\">Nachname<\/div>\r\n    \r\n<\/div>\n<div id=\"frm_field_13_container\" class=\"frm_form_field form-field  frm_required_field frm_top_container frm_full\">\r\n    <label for=\"field_29yf4d0dbfdf93602f8c4ec2f8\" id=\"field_29yf4d0dbfdf93602f8c4ec2f8_label\" class=\"frm_primary_label\">Email\r\n        <span class=\"frm_required\" aria-hidden=\"true\">*<\/span>\r\n    <\/label>\r\n    <input type=\"email\" id=\"field_29yf4d0dbfdf93602f8c4ec2f8\" name=\"item_meta[13]\" value=\"\"  data-reqmsg=\"Email kann nicht leer sein.\" aria-required=\"true\" data-invmsg=\"Please enter a valid email address\" aria-invalid=\"false\"  \/>\r\n    \r\n    \r\n<\/div>\n<div id=\"frm_field_14_container\" class=\"frm_form_field form-field  frm_top_container frm_full\">\r\n    <label for=\"field_e6lis60545d8d691d89034f355\" id=\"field_e6lis60545d8d691d89034f355_label\" class=\"frm_primary_label\">Betreff\r\n        <span class=\"frm_required\" aria-hidden=\"true\"><\/span>\r\n    <\/label>\r\n    <input type=\"text\" id=\"field_e6lis60545d8d691d89034f355\" name=\"item_meta[14]\" value=\"\"  data-invmsg=\"Subject ist ung\u00fcltig\" aria-invalid=\"false\"  \/>\r\n    \r\n    \r\n<\/div>\n<div id=\"frm_field_15_container\" class=\"frm_form_field form-field  frm_required_field frm_top_container frm_full\">\r\n    <label for=\"field_9jv0r15336dcbb1c4c72a29e78\" id=\"field_9jv0r15336dcbb1c4c72a29e78_label\" class=\"frm_primary_label\">Ihre Nachricht\r\n        <span class=\"frm_required\" aria-hidden=\"true\">*<\/span>\r\n    <\/label>\r\n    <textarea name=\"item_meta[15]\" id=\"field_9jv0r15336dcbb1c4c72a29e78\" rows=\"5\"  data-reqmsg=\"Dieses Feld darf nicht leer sein.\" aria-required=\"true\" data-invmsg=\"Ihre Nachricht ist ung\u00fcltig\" aria-invalid=\"false\"  ><\/textarea>\r\n    \r\n    \r\n<\/div>\n<div id=\"frm_field_21_container\" class=\"frm_form_field form-field  frm_required_field frm_top_container\">\r\n    <label for=\"field_ivtvz\" id=\"field_ivtvz_label\" class=\"frm_primary_label\">Telefon\r\n        <span class=\"frm_required\" aria-hidden=\"true\">*<\/span>\r\n    <\/label>\r\n    <input type=\"tel\" id=\"field_ivtvz\" name=\"item_meta[21]\" value=\"\"  data-reqmsg=\"Telefon kann nicht leer sein.\" aria-required=\"true\" data-invmsg=\"Telefon ist ung\u00fcltig\" aria-invalid=\"false\" pattern=\"((\\+\\d{1,3}(-|.| )?\\(?\\d\\)?(-| |.)?\\d{1,5})|(\\(?\\d{2,6}\\)?))(-|.| )?(\\d{3,4})(-|.| )?(\\d{4})(( x| ext)\\d{1,5}){0,1}$\"  \/>\r\n    \r\n    \r\n<\/div>\n<div id=\"frm_field_25_container\" class=\"frm_form_field form-field \">\r\n\t<div class=\"frm_submit\">\r\n\r\n<button class=\"frm_button_submit\" type=\"submit\"  >Senden<\/button>\r\n\r\n<\/div>\r\n<\/div>\n\t<input type=\"hidden\" name=\"item_key\" value=\"\" \/>\n\t\t\t<div id=\"frm_field_26_container\">\n\t\t\t<label for=\"field_q9k44\" >\n\t\t\t\tFalls Du menschlich bist, lasse dieses Feld leer.\t\t\t<\/label>\n\t\t\t<input  id=\"field_q9k44\" type=\"text\" class=\"frm_form_field form-field frm_verify\" name=\"item_meta[26]\" value=\"\"  \/>\n\t\t<\/div>\n\t\t<input name=\"frm_state\" type=\"hidden\" value=\"38c0hPimubMFpLou8C85Ga9vJdVuLGH5ILI+Ex5QqD8=\" \/><\/div>\n<\/fieldset>\n<\/div>\n\n<p style=\"display: none !important;\" class=\"akismet-fields-container\" data-prefix=\"ak_\"><label>&#916;<textarea name=\"ak_hp_textarea\" cols=\"45\" rows=\"8\" maxlength=\"100\"><\/textarea><\/label><input type=\"hidden\" id=\"ak_js_1\" name=\"ak_js\" value=\"217\"\/><script type=\"text\/javascript\">\n\/* <![CDATA[ *\/\ndocument.getElementById( \"ak_js_1\" ).setAttribute( \"value\", ( new Date() ).getTime() );\n\/* ]]> *\/\n<\/script>\n<\/p><\/form>\n<\/div>\n\n<h3>Kontaktdaten<\/h3>\n<p>Rechtsanw\u00e4ltin Friederike Ernst<br \/>Fachanw\u00e4ltin f\u00fcr Sozialrecht<br \/>Zum Jagenstein 1, Raum 103<br \/>14478 Potsdam<\/p>\n<p>Tel: 0331\/ 5 82 44 75<br \/>Fax: 0331\/ 27 38 39 08<br \/>Email: <a title=\"kontakt@rechtsanwaeltin-ernst.de\" href=\"mailto:kontakt@rechtsanwaeltin-ernst.de\">kontakt[at]rechtsanwaeltin-ernst.de<\/a><\/p>\n<h3>\u00a0<\/h3>\n<h3>Anfahrt<\/h3>\n<div style=\"text-align: right !important; margin-top: -10px;\"><a href=\"http:\/\/maps.google.de\/maps?f=d&amp;source=embed&amp;saddr=&amp;daddr=52.368713,13.087591&amp;hl=de&amp;geocode=&amp;mra=mift&amp;mrsp=1&amp;sz=18&amp;sll=52.36882,13.087796&amp;sspn=0.001602,0.004823&amp;ie=UTF8&amp;t=h&amp;ll=52.36882,13.087796&amp;spn=0.001602,0.004823\" target=\"_blank\" rel=\"noopener\"><strong><em>&#8230; zur Kartenansicht.<\/em><\/strong><\/a><\/div>\n<p style=\"text-align: justify;\"><span style=\"text-decoration: underline;\">Mit dem Auto<\/span><\/p>\n<p style=\"text-align: justify;\">folgen Sie ab dem Hauptbahnhof Potsdam der Ausschilderung Richtung Rehbr\u00fccke. Nach Passieren der Kreuzung Horstweg folgt linksseitig eine Aral-Tankstelle. An der dortigen Kreuzung fahren Sie weiter geradeaus und biegen an der n\u00e4chsten Ampel rechts in die Stra\u00dfe &#8222;Zum Kahleberg&#8220; ab. Sie fahren an der 2. Kreuzung nach rechts in die Stra\u00dfe &#8222;Zum Jagenstein&#8220;, das Kanzleigeb\u00e4ude ist ein gelbes Haus rechts am Ende der Stra\u00dfe. Vor und hinter dem Haus finden sich viele Parkm\u00f6glichkeiten.<\/p>\n<p style=\"text-align: justify;\">Kommen Sie aus Richtung der Autobahn A 115 so folgen Sie ab der Ausfahrt Saarmund der Ausschilderung Richtung Zentrum Potsdam. Nach dem Bahn\u00fcbergang passieren Sie an der dritten Kreuzung links das Einkaufszentrum &#8222;Waldstadt-Center&#8220; und biegen an der n\u00e4chsten Kreuzung nach links in die Stra\u00dfe &#8222;Zum Kahleberg&#8220; ab. Danach geht es wie oben beschrieben weiter.<\/p>\n<p style=\"text-align: justify;\"><a name=\"oepnv\"><\/a><\/p>\n<p style=\"text-align: justify;\">Bei der Anfahrt mit <span style=\"text-decoration: underline;\">\u00f6ffentlichen Verkehrsmitteln<\/span><\/p>\n<p style=\"text-align: justify;\">empfehle ich die Haltestelle <strong>Zum Kahleberg<\/strong>. Diese ist vom Potsdamer Hauptbahnhof \u00fcber etliche Tram- und Busverbindungen gut erreichbar. Eine Fahrplanauskunft k\u00f6nnen Sie \u00fcber den Verkehrsverbund Berlin-Brandenburg (VBB) unter: <a href=\"http:\/\/www.vbb-fahrinfo.de\/\">http:\/\/www.vbb-fahrinfo.de<\/a> erfragen. Der Fu\u00dfweg von der Haltestelle zur Kanzlei betr\u00e4gt ca. 5 Minuten.<\/p>\n\n\n<pre class=\"wp-block-code\"><code><\/code><\/pre>\n","protected":false},"excerpt":{"rendered":"<p>Fachanw\u00e4lte sind im besonderen Ma\u00dfe bereits von Gesetzes wegen zur Teilnahme an regelm\u00e4\u00dfigen Fortbildungsveranstaltungen verpflichtet, was aber meines Erachtens nach auch aus sonstigen Gr\u00fcnen wichtig ist. Insbesondere die st\u00e4ndigen Neuerungen der Gesetze und Verordnungen erfordern ein erh\u00f6htes Ma\u00df an Aufmerksamkeit; zum anderen bietet der regelm\u00e4\u00dfige Austausch mit Kollegen eine sehr gute Plattform f\u00fcr L\u00f6sungsans\u00e4tze um [&hellip;]<\/p>\n","protected":false},"author":1,"featured_media":0,"parent":0,"menu_order":6,"comment_status":"closed","ping_status":"closed","template":"","meta":{"footnotes":""},"categories":[],"tags":[],"class_list":["post-35","page","type-page","status-publish","hentry"],"_links":{"self":[{"href":"https:\/\/rechtsanwaeltin-ernst.de\/home\/wp-json\/wp\/v2\/pages\/35","targetHints":{"allow":["GET"]}}],"collection":[{"href":"https:\/\/rechtsanwaeltin-ernst.de\/home\/wp-json\/wp\/v2\/pages"}],"about":[{"href":"https:\/\/rechtsanwaeltin-ernst.de\/home\/wp-json\/wp\/v2\/types\/page"}],"author":[{"embeddable":true,"href":"https:\/\/rechtsanwaeltin-ernst.de\/home\/wp-json\/wp\/v2\/users\/1"}],"replies":[{"embeddable":true,"href":"https:\/\/rechtsanwaeltin-ernst.de\/home\/wp-json\/wp\/v2\/comments?post=35"}],"version-history":[{"count":42,"href":"https:\/\/rechtsanwaeltin-ernst.de\/home\/wp-json\/wp\/v2\/pages\/35\/revisions"}],"predecessor-version":[{"id":317,"href":"https:\/\/rechtsanwaeltin-ernst.de\/home\/wp-json\/wp\/v2\/pages\/35\/revisions\/317"}],"wp:attachment":[{"href":"https:\/\/rechtsanwaeltin-ernst.de\/home\/wp-json\/wp\/v2\/media?parent=35"}],"wp:term":[{"taxonomy":"category","embeddable":true,"href":"https:\/\/rechtsanwaeltin-ernst.de\/home\/wp-json\/wp\/v2\/categories?post=35"},{"taxonomy":"post_tag","embeddable":true,"href":"https:\/\/rechtsanwaeltin-ernst.de\/home\/wp-json\/wp\/v2\/tags?post=35"}],"curies":[{"name":"wp","href":"https:\/\/api.w.org\/{rel}","templated":true}]}}