{"id":20,"date":"2016-04-17T22:16:02","date_gmt":"2016-04-17T20:16:02","guid":{"rendered":"http:\/\/rechtsanwaeltin-ernst.de\/home\/?page_id=20"},"modified":"2023-01-24T14:34:52","modified_gmt":"2023-01-24T13:34:52","slug":"themen-aus-der-praxis","status":"publish","type":"page","link":"https:\/\/rechtsanwaeltin-ernst.de\/home\/themen-aus-der-praxis\/","title":{"rendered":"Themen aus der Praxis"},"content":{"rendered":"<p><a href=\"https:\/\/rechtsanwaeltin-ernst.de\/home\/themen-aus-der-praxis\/36403930_m\/\" rel=\"attachment wp-att-95\"><img loading=\"lazy\" decoding=\"async\" class=\"alignright wp-image-95\" style=\"margin: 20px 0px 10px 20px;\" src=\"https:\/\/rechtsanwaeltin-ernst.de\/home\/wp-content\/uploads\/2016\/04\/36403930_m-300x200.jpg\" alt=\"36403930_m\" width=\"352\" height=\"234\" srcset=\"https:\/\/rechtsanwaeltin-ernst.de\/home\/wp-content\/uploads\/2016\/04\/36403930_m-300x200.jpg 300w, https:\/\/rechtsanwaeltin-ernst.de\/home\/wp-content\/uploads\/2016\/04\/36403930_m-768x512.jpg 768w, https:\/\/rechtsanwaeltin-ernst.de\/home\/wp-content\/uploads\/2016\/04\/36403930_m.jpg 848w\" sizes=\"auto, (max-width: 352px) 100vw, 352px\" \/><\/a><\/p>\n<p style=\"text-align: justify;\">Bei allen Bem\u00fc\u00adhungen, die Inhalte auf dieser Seite aktuell zu halten, ins\u00adbe\u00adson\u00addere unter \u201cThemen aus der Praxis\u201d, kann dies nicht immer gelingen. Bitte achten Sie auf das Ver\u00ad\u00f6f\u00adfent\u00adli\u00adchungs\u00addatum und bedenken Sie wei\u00adterhin, dass ledig\u00adlich grund\u00ads\u00e4tz\u00adliche Fragen erl\u00e4u\u00adtert werden. Der Ein\u00adzel\u00adfall bedarf den\u00adnoch einer genauen Pr\u00fc\u00adfung.<\/p>\n<ul>\n<li><a href=\"https:\/\/rechtsanwaeltin-ernst.de\/home\/2016\/03\/07\/pflegerecht-2016-pflegegrade-anstatt-pflegestufen\/\">Pflegerecht 2016, Pflegegrade anstatt Pflegestufen<\/a><\/li>\n<li><a href=\"https:\/\/rechtsanwaeltin-ernst.de\/home\/2016\/03\/07\/achtung-bei-aufrechnung-von-leistungen-bei-hartz-iv-bzw-sgb-ii\/\">Achtung bei Aufrechnung von Leistungen bei Hartz IV bzw. SGB II<\/a><\/li>\n<li><a href=\"https:\/\/rechtsanwaeltin-ernst.de\/home\/2015\/01\/16\/anrechnung-von-betriebskostenguthaben-bei-hartz-iv\/\">Anrechnung von Betriebskostenguthaben bei Hartz IV<\/a><\/li>\n<li><a href=\"https:\/\/rechtsanwaeltin-ernst.de\/home\/2014\/08\/14\/grundrente-nach-dem-bundesversorgungsgesetz-immer-anrechnungsfrei\/\">Grundrente nach dem Bundesversorgungsgesetz immer anrechnungsfrei<\/a><\/li>\n<li><a href=\"https:\/\/rechtsanwaeltin-ernst.de\/home\/2014\/02\/19\/hoehe-rentenbeitrag-bei-selbstaendigen\/\">H\u00f6he Rentenbeitrag bei Selbst\u00e4ndigen<\/a><\/li>\n<li><a href=\"https:\/\/rechtsanwaeltin-ernst.de\/home\/2014\/04\/19\/rentenversicherungspflicht-fuer-honorarlehrer\/\">Rentenversicherungspflicht f\u00fcr Honorarlehrer<\/a><\/li>\n<li><a href=\"https:\/\/rechtsanwaeltin-ernst.de\/home\/2013\/09\/25\/beitragsrueckstaende-krankenversicherung-erlass-zur-beseitigung-finanzieller-ueberforderung-bei-beitragsschulden-vom-gkv-spitzenverband\/\">Beitragsr\u00fcckst\u00e4nde Krankenversicherung &#8211; Erlass zur Beseitigung finanzieller \u00dcberforderung bei Beitragsschulden vom GKV-Spitzenverband<\/a><\/li>\n<li><a href=\"https:\/\/rechtsanwaeltin-ernst.de\/home\/2011\/12\/31\/krankenversicherungsbeitrag-fuer-rentner-gkv\/\">Krankenversicherungsbeitrag f\u00fcr Rentner (GKV)<\/a><\/li>\n<li><a href=\"https:\/\/rechtsanwaeltin-ernst.de\/home\/2011\/07\/28\/gesetzliche-krankenversicherung-zusatzbeitrag-sozialausgleich\/\">Gesetzliche Krankenversicherung, Zusatzbeitrag, Sozialausgleich<\/a><\/li>\n<li><a href=\"https:\/\/rechtsanwaeltin-ernst.de\/home\/2011\/07\/28\/die-gesetzliche-rentenversicherung\/\">Die gesetzliche Rentenversicherung<\/a><\/li>\n<li><a href=\"https:\/\/rechtsanwaeltin-ernst.de\/home\/2017\/07\/07\/voraussetzungen-kosten-und-ablauf-einer-einvernehmlichen-scheidung\/\">Voraussetzungen, Kosten und Ablauf einer einvernehmlichen Scheidung<\/a><\/li>\n<li><a href=\"https:\/\/rechtsanwaeltin-ernst.de\/home\/2023\/01\/24\/urlaubsgeld-vs-krankengeld\/\">Urlaubsgeld vs. Krankengeld<\/a><\/li>\n<\/ul>\n","protected":false},"excerpt":{"rendered":"<p>Bei allen Bem\u00fc\u00adhungen, die Inhalte auf dieser Seite aktuell zu halten, ins\u00adbe\u00adson\u00addere unter \u201cThemen aus der Praxis\u201d, kann dies nicht immer gelingen. Bitte achten Sie auf das Ver\u00ad\u00f6f\u00adfent\u00adli\u00adchungs\u00addatum und bedenken Sie wei\u00adterhin, dass ledig\u00adlich grund\u00ads\u00e4tz\u00adliche Fragen erl\u00e4u\u00adtert werden. Der Ein\u00adzel\u00adfall bedarf den\u00adnoch einer genauen Pr\u00fc\u00adfung. Pflegerecht 2016, Pflegegrade anstatt Pflegestufen Achtung bei Aufrechnung von Leistungen [&hellip;]<\/p>\n","protected":false},"author":1,"featured_media":95,"parent":0,"menu_order":3,"comment_status":"closed","ping_status":"closed","template":"","meta":{"footnotes":""},"categories":[],"tags":[],"class_list":["post-20","page","type-page","status-publish","has-post-thumbnail","hentry"],"_links":{"self":[{"href":"https:\/\/rechtsanwaeltin-ernst.de\/home\/wp-json\/wp\/v2\/pages\/20","targetHints":{"allow":["GET"]}}],"collection":[{"href":"https:\/\/rechtsanwaeltin-ernst.de\/home\/wp-json\/wp\/v2\/pages"}],"about":[{"href":"https:\/\/rechtsanwaeltin-ernst.de\/home\/wp-json\/wp\/v2\/types\/page"}],"author":[{"embeddable":true,"href":"https:\/\/rechtsanwaeltin-ernst.de\/home\/wp-json\/wp\/v2\/users\/1"}],"replies":[{"embeddable":true,"href":"https:\/\/rechtsanwaeltin-ernst.de\/home\/wp-json\/wp\/v2\/comments?post=20"}],"version-history":[{"count":17,"href":"https:\/\/rechtsanwaeltin-ernst.de\/home\/wp-json\/wp\/v2\/pages\/20\/revisions"}],"predecessor-version":[{"id":296,"href":"https:\/\/rechtsanwaeltin-ernst.de\/home\/wp-json\/wp\/v2\/pages\/20\/revisions\/296"}],"wp:featuredmedia":[{"embeddable":true,"href":"https:\/\/rechtsanwaeltin-ernst.de\/home\/wp-json\/wp\/v2\/media\/95"}],"wp:attachment":[{"href":"https:\/\/rechtsanwaeltin-ernst.de\/home\/wp-json\/wp\/v2\/media?parent=20"}],"wp:term":[{"taxonomy":"category","embeddable":true,"href":"https:\/\/rechtsanwaeltin-ernst.de\/home\/wp-json\/wp\/v2\/categories?post=20"},{"taxonomy":"post_tag","embeddable":true,"href":"https:\/\/rechtsanwaeltin-ernst.de\/home\/wp-json\/wp\/v2\/tags?post=20"}],"curies":[{"name":"wp","href":"https:\/\/api.w.org\/{rel}","templated":true}]}}

<p><a href="https://rechtsanwaeltin-ernst.de/home/themen-aus-der-praxis/36403930_m/" rel="attachment wp-att-95"><img loading="lazy" decoding="async" class="alignright wp-image-95" style="margin: 20px 0px 10px 20px;" src="https://rechtsanwaeltin-ernst.de/home/wp-content/uploads/2016/04/36403930_m-300x200.jpg" alt="36403930_m" width="352" height="234" srcset="https://rechtsanwaeltin-ernst.de/home/wp-content/uploads/2016/04/36403930_m-300x200.jpg 300w, https://rechtsanwaeltin-ernst.de/home/wp-content/uploads/2016/04/36403930_m-768x512.jpg 768w, https://rechtsanwaeltin-ernst.de/home/wp-content/uploads/2016/04/36403930_m.jpg 848w" sizes="auto, (max-width: 352px) 100vw, 352px" /></a></p>
<p style="text-align: justify;">Bei allen Bemü­hungen, die Inhalte auf dieser Seite aktuell zu halten, ins­be­son­dere unter “Themen aus der Praxis”, kann dies nicht immer gelingen. Bitte achten Sie auf das Ver­öf­fent­li­chungs­datum und bedenken Sie wei­terhin, dass ledig­lich grund­sätz­liche Fragen erläu­tert werden. Der Ein­zel­fall bedarf den­noch einer genauen Prü­fung.</p>
<ul>
<li><a href="https://rechtsanwaeltin-ernst.de/home/2016/03/07/pflegerecht-2016-pflegegrade-anstatt-pflegestufen/">Pflegerecht 2016, Pflegegrade anstatt Pflegestufen</a></li>
<li><a href="https://rechtsanwaeltin-ernst.de/home/2016/03/07/achtung-bei-aufrechnung-von-leistungen-bei-hartz-iv-bzw-sgb-ii/">Achtung bei Aufrechnung von Leistungen bei Hartz IV bzw. SGB II</a></li>
<li><a href="https://rechtsanwaeltin-ernst.de/home/2015/01/16/anrechnung-von-betriebskostenguthaben-bei-hartz-iv/">Anrechnung von Betriebskostenguthaben bei Hartz IV</a></li>
<li><a href="https://rechtsanwaeltin-ernst.de/home/2014/08/14/grundrente-nach-dem-bundesversorgungsgesetz-immer-anrechnungsfrei/">Grundrente nach dem Bundesversorgungsgesetz immer anrechnungsfrei</a></li>
<li><a href="https://rechtsanwaeltin-ernst.de/home/2014/02/19/hoehe-rentenbeitrag-bei-selbstaendigen/">Höhe Rentenbeitrag bei Selbständigen</a></li>
<li><a href="https://rechtsanwaeltin-ernst.de/home/2014/04/19/rentenversicherungspflicht-fuer-honorarlehrer/">Rentenversicherungspflicht für Honorarlehrer</a></li>
<li><a href="https://rechtsanwaeltin-ernst.de/home/2013/09/25/beitragsrueckstaende-krankenversicherung-erlass-zur-beseitigung-finanzieller-ueberforderung-bei-beitragsschulden-vom-gkv-spitzenverband/">Beitragsrückstände Krankenversicherung &#8211; Erlass zur Beseitigung finanzieller Überforderung bei Beitragsschulden vom GKV-Spitzenverband</a></li>
<li><a href="https://rechtsanwaeltin-ernst.de/home/2011/12/31/krankenversicherungsbeitrag-fuer-rentner-gkv/">Krankenversicherungsbeitrag für Rentner (GKV)</a></li>
<li><a href="https://rechtsanwaeltin-ernst.de/home/2011/07/28/gesetzliche-krankenversicherung-zusatzbeitrag-sozialausgleich/">Gesetzliche Krankenversicherung, Zusatzbeitrag, Sozialausgleich</a></li>
<li><a href="https://rechtsanwaeltin-ernst.de/home/2011/07/28/die-gesetzliche-rentenversicherung/">Die gesetzliche Rentenversicherung</a></li>
<li><a href="https://rechtsanwaeltin-ernst.de/home/2017/07/07/voraussetzungen-kosten-und-ablauf-einer-einvernehmlichen-scheidung/">Voraussetzungen, Kosten und Ablauf einer einvernehmlichen Scheidung</a></li>
<li><a href="https://rechtsanwaeltin-ernst.de/home/2023/01/24/urlaubsgeld-vs-krankengeld/">Urlaubsgeld vs. Krankengeld</a></li>
</ul>

<p>Bei allen Bemü­hungen, die Inhalte auf dieser Seite aktuell zu halten, ins­be­son­dere unter “Themen aus der Praxis”, kann dies nicht immer gelingen. Bitte achten Sie auf das Ver­öf­fent­li­chungs­datum und bedenken Sie wei­terhin, dass ledig­lich grund­sätz­liche Fragen erläu­tert werden. Der Ein­zel­fall bedarf den­noch einer genauen Prü­fung. Pflegerecht 2016, Pflegegrade anstatt Pflegestufen Achtung bei Aufrechnung von Leistungen [&hellip;]</p>
